e 14920?
True
Is 125 a multiple of 23?
False
Is 204 a multiple of 34?
True
Is 57 a factor of 1881?
True
Is 18 a factor of 2826?
True
Does 24 divide 792?
True
Does 13 divide 6336?
False
Does 94 divide 66176?
True
Is 47 a factor of 479?
False
Is 16900 a multiple of 130?
True
Is 2440 a multiple of 38?
False
Is 51 a factor of 2159?
False
Is 7748 a multiple of 4?
True
Does 17 divide 36820?
False
Is 62 a factor of 2391?
False
Does 16 divide 23344?
True
Is 13842 a multiple of 181?
False
Does 38 divide 19558?
False
Is 198 a multiple of 9?
True
Is 232 a multiple of 6?
False
Is 3051 a multiple of 113?
True
Is 2086 a multiple of 23?
False
Is 56259 a multiple of 9?
True
Does 52 divide 832?
True
Is 4 a factor of 20?
True
Does 173 divide 6023?
False
Does 16 divide 772?
False
Is 38965 a multiple of 63?
False
Does 84 divide 2393?
False
Is 5 a factor of 8750?
True
Does 14 divide 12705?
False
Is 186 a factor of 16740?
True
Is 92148 a multiple of 28?
True
Is 7708 a multiple of 164?
True
Is 525 a multiple of 57?
False
Is 5 a factor of 1085?
True
Does 19 divide 47861?
True
Does 109 divide 290?
False
Is 111 a multiple of 8?
False
Is 9 a factor of 2808?
True
Is 31616 a multiple of 17?
False
Is 36421 a multiple of 51?
False
Does 21 divide 186?
False
Is 914 a multiple of 4?
False
Is 8660 a multiple of 14?
False
Does 4 divide 54?
False
Is 53415 a multiple of 15?
True
Is 7 a factor of 196?
True
Is 9 a factor of 2628?
True
Is 907 a multiple of 50?
False
Is 111 a multiple of 2?
False
Does 31 divide 186?
True
Is 36859 a multiple of 74?
False
Is 33984 a multiple of 59?
True
Does 16 divide 1351?
False
Is 41 a factor of 779?
True
Is 68476 a multiple of 68?
True
Is 617 a multiple of 35?
False
Is 240 a factor of 825?
False
Is 32922 a multiple of 31?
True
Is 7497 a multiple of 51?
True
Is 185 a multiple of 13?
False
Does 247 divide 71274?
False
Is 31 a factor of 1178?
True
Is 25227 a multiple of 42?
False
Does 206 divide 92906?
True
Is 1312 a multiple of 3?
False
Is 47 a factor of 6674?
True
Is 2028 a multiple of 12?
True
Is 12402 a multiple of 50?
False
Is 25 a factor of 10225?
True
Is 17 a factor of 19798?
False
Does 68 divide 31688?
True
Is 1102 a multiple of 58?
True
Is 1178 a multiple of 32?
False
Is 4 a factor of 463?
False
Is 2222 a multiple of 4?
False
Is 34 a factor of 2337?
False
Does 126 divide 7434?
True
Does 19 divide 952?
False
Is 36097 a multiple of 11?
False
Does 73 divide 2628?
True
Is 5 a factor of 2718?
False
Does 21 divide 6174?
True
Is 21 a factor of 819?
True
Is 5 a factor of 263?
False
Is 98042 a multiple of 94?
True
Is 27459 a multiple of 81?
True
Is 3703 a multiple of 23?
True
Is 317 a multiple of 56?
False
Is 38 a factor of 494?
True
Is 35259 a multiple of 66?
False
Is 2016 a multiple of 12?
True
Does 11 divide 352?
True
Does 9 divide 41?
False
Does 10 divide 669?
False
Does 24 divide 984?
True
Is 1303 a multiple of 26?
False
Is 113 a factor of 19654?
False
Is 35 a multiple of 5?
True
Is 5598 a multiple of 13?
False
Is 20649 a multiple of 99?
False
Is 62152 a multiple of 15?
False
Is 10 a factor of 22570?
True
Does 16 divide 4156?
False
Is 60 a multiple of 6?
True
Does 29 divide 71804?
True
Is 730 even?
True
Is 17131 a multiple of 10?
False
Is 109148 a multiple of 325?
False
Is 840 a multiple of 10?
True
Does 92 divide 1213?
False
Is 40 a multiple of 4?
True
Is 1268 a multiple of 92?
False
Is 2595 a multiple of 15?
True
Is 3 a factor of 3?
True
Is 331 a multiple of 4?
False
Is 20 a factor of 2034?
False
Is 737 a multiple of 123?
False
Is 17 a factor of 1955?
True
Does 14 divide 1246?
True
Is 68 a factor of 3357?
False
Is 712 a multiple of 4?
True
Is 50 a factor of 862?
False
Is 319 a factor of 142593?
True
Does 54 divide 13001?
False
Is 871 a multiple of 14?
False
Does 102 divide 18054?
True
Is 27 a factor of 1243?
False
Is 3872 a multiple of 21?
False
Is 1345 a multiple of 90?
False
Is 5 a factor of 2625?
True
Is 226 a multiple of 6?
False
Does 27 divide 243?
True
Does 5 divide 845?
True
Is 1190 a multiple of 35?
True
Is 7 a factor of 1496?
False
Is 448 a multiple of 8?
True
Does 17 divide 2227?
True
Is 33 a factor of 429?
True
Is 17 a factor of 312?
False
Is 4 a factor of 5756?
True
Is 19657 a multiple of 11?
True
Is 177 a factor of 54922?
False
Is 54 a factor of 756?
True
Is 11 a factor of 1749?
True
Does 18 divide 6624?
True
Is 322 a multiple of 14?
True
Does 28 divide 32340?
True
Is 903 a multiple of 8?
False
Does 10 divide 4508?
False
Does 3 divide 537?
True
Is 51430 a multiple of 10?
True
Does 11 divide 99?
True
Does 26 divide 26944?
False
Does 3 divide 7014?
True
Is 29 a factor of 1914?
True
Is 1215 a multiple of 34?
False
Is 216 a multiple of 9?
True
Is 1003 even?
False
Is 9 a factor of 6796?
False
Is 310 even?
True
Is 17 a multiple of 2?
False
Is 9650 a multiple of 25?
True
Is 10208 a multiple of 44?
True
Is 27 a factor of 4077?
True
Does 19 divide 1295?
False
Does 26 divide 156?
True
Does 159 divide 7692?
False
Is 541 a multiple of 3?
False
Does 31 divide 3759?
False
Does 42 divide 3036?
False
Is 48 a factor of 33888?
True
Is 588 a multiple of 89?
False
Is 22 a factor of 10378?
False
Does 55 divide 642?
False
Is 8 a factor of 967?
False
Does 351 divide 146016?
True
Is 283 a multiple of 48?
False
Does 11 divide 413?
False
Does 8 divide 2200?
True
Does 10 divide 3956?
False
Is 3 a factor of 2839?
False
Is 16 a factor of 624?
True
Is 1892 a multiple of 43?
True
Is 5495 a multiple of 25?
False
Is 5 a factor of 39843?
False
Is 9 a factor of 117?
True
Is 319 a factor of 3089?
False
Is 62 a factor of 4898?
True
Is 106 a factor of 69536?
True
Is 66 a factor of 2772?
True
Is 18 a factor of 579?
False
Is 40 a factor of 3520?
True
Does 4 divide 1322?
False
Is 719 a multiple of 30?
False
Does 76 divide 130544?
False
Is 36 a factor of 2491?
False
Does 18 divide 790?
False
Does 9 divide 140?
False
Is 74 a factor of 21979?
False
Is 35960 a multiple of 20?
True
Is 5 a factor of 1170?
True
Does 21 divide 609?
True
Is 10 a factor of 2208?
False
Is 694 a multiple of 24?
False
Is 20 a factor of 1038?
False
Does 75 divide 1549?
False
Does 6 divide 742?
False
Does 4 divide 428?
True
Does 37 divide 3367?
True
Does 7 divide 973?
True
Is 9 a factor of 448?
False
Is 21384 a multiple of 8?
True
Is 8 a factor of 231?
False
Is 3842 a multiple of 10?
False
Is 6 a factor of 546?
True
Is 25 a factor of 58668?
False
Is 82 a multiple of 10?
False
Does 19 divide 2869?
True
Is 27 a factor of 449?
False
Is 77 a factor of 770?
True
Is 74 a factor of 3388?
False
Is 3983 a multiple of 79?
False
Is 256 a multiple of 44?
False
Is 8 a factor of 16432?
True
Is 24 a multiple of 12?
True
Is 278 a factor of 24271?
False
Is 5732 a multiple of 46?
False
Does 57 divide 11606?
False
Is 9656 a multiple of 17?
True
Is 22 a factor of 26840?
True
Is 3312 a multiple of 6?
True
Does 90 divide 27090?
True
Does 2 divide 204?
True
Is 35071 a multiple of 125?
False
Is 179 a multiple of 2?
False
Does 334 divide 21490?
False
Is 3 a factor of 165?
True
Is 1288 a multiple of 27?
False
Is 18 a factor of 558?
True
Is 25870 a multiple of 10?
True
Is 75 a factor of 64275?
True
Is 4 a factor of 24?
True
Is 5 a factor of 545?
True
Is 462 a multiple of 33?
True
Does 310 divide 30070?
True
Is 3910 a multiple of 17?
True
Is 11 a factor of 44?
True
Does 21 divide 357?
True
Does 54 divide 72468?
True
Does 16 divide 21961?
False
Does 18 divide 3024?
True
Does 11 divide 99?
True
Is 4 a factor of 1069?
False
Does 4 divide 5642?
False
Is 2261 a multiple of 119?
True
Is 19 a factor of 703?
True
Is 18995 a multiple of 34?
False
Is 21 a factor of 10712?
False
Is 17 a factor of 1893?
False
Does 12 divide 10188?
True
Does 5 divide 58?
False
Is 163 a factor of 9484?
False
Is 34 a factor of 8466?
True
Is 25 a factor of 35092?
False
Is 21 a factor of 30135?
True
Does 63 divide 18522?
True
Does 66 divide 198?
True
Is 6 a factor of 280?
False
Is 3790 a multiple of 60?
False
Is 330 a multiple of 21?
False
Does 8 divide 321?
False
Is 2398 a multiple of 22?
True
Is 55 a factor of 660?
True
Is 1088 a multiple of 17?
True
Is 4469 a multiple of 19?
False
Is 25095 a multiple of 15?
True
Is 13 a factor of 2210?
True
Is 10 a factor of 2930?
True
Is 186 a multiple of 6?
True
Is 8 a factor of 4900?
False
Does 24 divide 19199?
False
Is 7